 = g - 12. Let x be i(g). Suppose -x*l + 8 = -l. What is the units digit of l?
2
Let j(v) = -v**3 - v**2 + 2*v + 2. Let y be j(-2). Let l be (1/2)/(y/12). Let b = 0 + l. What is the units digit of b?
3
Let c = -32 + 19. Let k = -11 - c. What is the units digit of k?
2
Suppose 4*p + 2*v = 10, v - 6 = 3*v. What is the units digit of 1 + 2 + 4 + p?
1
Let y(d) = d**2 + 6*d + 1. Let z be y(-6). Let n = z + 4. Let h = n + 0. What is the units digit of h?
5
Let p(o) = 13*o**3 - o**2 - o + 1. What is the units digit of p(1)?
2
Let m = -77 - -93. What is the units digit of m?
6
What is the tens digit of 31 - -3*6/9?
3
Let j(b) be the third derivative of b**2 + 0*b + 1/8*b**4 + 1/6*b**3 - 1/120*b**6 + 0 - 1/15*b**5. What is the units digit of j(-5)?
1
Suppose 84 = 3*y - 5*z, -4*y + 112 = 4*z - 7*z. What is the units digit of y?
8
Let k(u) = 7*u**2 + 7*u. Let i be k(3). Suppose -3*z + 3*g = -0*z - i, 3*z = 4*g + 80. What is the units digit of z?
2
Let r be 1 + (-7)/(28/(-16)). Suppose 4 = -4*t, -r*w + 14 = -2*w - 5*t. What is the units digit of w?
3
Let x = 236 + 10. What is the tens digit of x?
4
Suppose -3*p - 108 = -8*p + 4*n, -p - 3*n = -14. What is the tens digit of p?
2
Suppose -a = 0, 5*i - 2*a - 640 = -a. What is the units digit of i?
8
Suppose 28*j - 22*j - 1122 = 0. What is the tens digit of j?
8
Suppose -8 = -2*u - 0. What is the units digit of u?
4
Let r be 126/10 + 4/10. Suppose 0 = -5*u + 17 + 8. Let p = r + u. What is the tens digit of p?
1
Suppose -2*l + 9 = 3, l = -4*x - 5. Let r be x/3 - 26/6. Let i = 5 - r. What is the tens digit of i?
1
Let d(o) = -o**2 - 5*o - 4. Let g be d(-3). Let v(t) = t + 8. Let w be v(-9). Let z = w + g. What is the units digit of z?
1
Let l = -5 + 2. Let o(c) = c**3 + 4*c**2 - 2*c - 2. What is the tens digit of o(l)?
1
Suppose -3*v - 2 = 25. What is the units digit of ((-6)/v)/((-2)/(-114))?
8
Let t(c) = 5 - 7 + 4*c + 0*c - 13. What is the units digit of t(10)?
5
Let i(h) = 9*h**2 + 6*h + 4. What is the tens digit of i(-2)?
2
Let i = -11 + 15. What is the units digit of i?
4
Suppose -z - 6 = 2. Let y = -6 - z. Suppose -y*u = -0*u - 16. What is the units digit of u?
8
Suppose -10 = -2*h - 2. Let z = -1 + h. Suppose -c = -2*y + 36, -2*y - z*c + 90 = 3*y. What is the units digit of y?
8
Let j be (4/10)/((-4)/(-60)). What is the tens digit of 26/j*3 + 0?
1
Suppose -4*u - 30 = -5*q - 130, 4*u = q + 100. What is the units digit of u?
5
Let r(z) = 6*z - 2*z - 1 - 3*z. Let l be r(1). Suppose 0 = o - l*o - 4. What is the units digit of o?
4
Suppose 0 = -4*g + 2*g - 4. Let s be g/4 + 10/4. Suppose -s*d = 3*d - 40. What is the units digit of d?
8
Suppose -3*m + 21 = 2*o, -3*o + 15 = -o - 3*m. Let y = o + -15. What is the units digit of y/3 - -4 - -6?
8
What is the units digit of 0 - -2 - (-3 - (-255)/(-3))?
0
Let r(k) = k**3 - k**2 - 3*k + 4. What is the tens digit of r(4)?
4
Suppose -3*p + p + 10 = 0. Suppose -7 = -p*f + 8. Suppose f*l = 7*l, -m + 3*l + 8 = 0. What is the units digit of m?
8
Suppose 7*r - 241 = 1334. What is the units digit of r?
5
Suppose 4*g = -2*l + 120, 11*l - 7*l - 270 = -2*g. What is the tens digit of l?
7
Let f(z) = z**3 + z**2 - z - 6. Let q be f(0). What is the units digit of 2 + 3/q*-4?
4
Suppose 3*f - 50 = 3*t - f, 0 = 4*t + 4*f + 20. Let v be (-116)/t + (-4)/(-10). Suppose 0 = -4*g + v + 8. What is the units digit of g?
5
Let u = 1 - -1. Suppose u*y + w = -1, -4*w - 4 = 8. What is the units digit of 7*(2/y + -1)?
7
Let t(q) = -q - 6. Let x be t(-9). What is the tens digit of 41 - 2 - (x + -1)?
3
Let w = 1 - 2. Let i be -2 + w + 6/2. What is the tens digit of 15/(1 + i/(-1))?
1
Suppose 1 - 13 = -3*v, 72 = 4*r + 3*v. What is the tens digit of r?
1
Suppose 6*b - 250 = b. What is the units digit of b?
0
Let y = 1 + 3. Suppose -30 = -9*q + y*q. What is the units digit of q?
6
Let l = 21 - 8. Suppose 2 + l = r. What is the units digit of (-2)/(-5) - (-114)/r?
8
Let p = -12 + 14. Suppose 16 = u + p*y, 5*y - 108 = -5*u - 13. What is the units digit of u?
2
Let d(m) = -m. Let z be d(-2). Suppose -5*y = -4*x - x - 30, -z*y - x = -18. Suppose 3*h = y*h - 50. What is the units digit of h?
0
Let y(z) = z**3 - 2*z**2 + z - 2. Let q be y(2). Let x = q - -2. Suppose x*w = -4*c, 2*c - 5*c - w + 1 = 0. What is the units digit of c?
1
Let a = -95 + -17. What is the tens digit of a/(-10) + (-1)/5?
1
Let m be (2 + -1 - 1)*1. Let p be (-12)/3*(-1)/2. Suppose m*k = p*k - 18. What is the units digit of k?
9
Let p = 103 + 187. What is the units digit of p?
0
Suppose -4*n + 5*j + 0*j + 30 = 0, 0 = -n + 5*j + 15. What is the tens digit of 4/10 + 63/n?
1
Let t(g) = 2*g**2 + 2*g + 1. Let k be t(-1). What is the units digit of 35/10 - k/(-2)?
4
What is the units digit of (-82)/3*3/(-2)?
1
Let r(m) = -3*m**3 + 3*m**3 - 2*m**2 - 1 - 2*m**3 - 3*m + 6*m. What is the units digit of r(-3)?
6
Suppose z + 2*a - 25 = 0, -2*a - 12 = a. What is the units digit of z?
3
Suppose 0 = -3*n - 2*s + 538 + 36, -5*s + 770 = 4*n. What is the hundreds digit of n?
1
Suppose h - 23 = -0. Suppose -3*l + h = -25. What is the tens digit of l?
1
Let d(l) = -l**2 - 12*l. Let r(t) = t. Let o(s) = d(s) + 4*r(s). What is the tens digit of o(-6)?
1
Let s(q) = -q**3 + 20*q**2 - 15*q - 21. What is the units digit of s(19)?
5
Let a(h) = -h**2 + 5*h + 7. Let d be a(7). Let n be (0 - -2)*d/2. What is the units digit of 3/(-2)*(1 + n)?
9
What is the units digit of 101/3 - 8/12?
3
Suppose -51 + 21 = -3*o. What is the units digit of o?
0
What is the units digit of (5/(-2) + 1)/(15/(-430))?
3
Let t(m) = m**3 - 5*m**2 + 5*m - 6. Let b(n) = n**3 - 6*n**2 + 6*n - 6. Let d(g) = 4*b(g) - 3*t(g). What is the units digit of d(8)?
2
Suppose v - 4 = -4*o - 1, 0 = -3*v + o + 9. Suppose -5*x = -v*x - 68. What is the tens digit of x?
3
Let a be 12/(2 + (-4)/3). Let u be 3*3*8/a. Suppose 4*l - b - 2 = 6, b = -u*l + 16. What is the units digit of l?
3
Let o be 4/10*(-1 - -6). Suppose 7*q = s + o*q - 63, -4*q + 199 = 5*s. What is the units digit of s?
3
Let f = 1 + 1. Suppose -5*l = -4*j - 100, 3*j = -f*l + 4*j + 37. What is the tens digit of l?
1
Let s = -89 + 147. What is the units digit of s?
8
Let c(p) = -p**3 + 4*p**2 + 2*p - 4. Suppose 0 = -3*y + 10 + 2. Let z be c(y). What is the units digit of ((-2)/z - 0)*-2?
1
Suppose -3*t + 4*y = -23, -3*y + y = 4*t - 38. What is the units digit of t?
9
What is the units digit of ((-5)/4)/(3*4/(-48))?
5
Let c = -265 - -422. What is the hundreds digit of c?
1
Let n(a) = a**2 - 6*a + 1. Let z be n(6). Let h = 0 + 1. Let y = h + z. What is the units digit of y?
2
Let h(x) = -5*x**2 + x. Let a be h(1). Let j(c) = c**3 + 4*c**2 - 2*c + 3. What is the units digit of j(a)?
1
Let w(v) = -13*v + 7. Let j be w(-6). Suppose j = 4*p + p. What is the tens digit of p?
1
Let z = -15 + 15. Suppose z = 2*n - n + 5*k + 7, -5*n + 13 = k. What is the units digit of n?
3
Suppose 0 = -2*v - 2*v - i + 60, 4*v - 60 = 5*i. Let g = 39 - v. Suppose -3*y + g = y. What is the units digit of y?
6
Suppose -149 = 2*h - t - 649, 1253 = 5*h - t. What is the hundreds digit of h?
2
Let u(i) = 2*i**2 + 4*i. Suppose 3*t - 2*r = -13, 2*t - 4*t + 2*r = 10. Let v be u(t). What is the units digit of 9/v + 50/4?
4
Suppose -8*z + 4*z = -268. What is the tens digit of z?
6
Suppose -3*r = -24 - 45. What is the units digit of r?
3
Let j be 3 + 2 + 31 + 0. Suppose 0 = -2*x - 2 + j. What is the units digit of x?
7
Suppose -m = 4*w - 2786, 2*w - 4*m + 3*m = 1390. What is the tens digit of 6/27 - w/(-27)?
2
Suppose 4*p = -p - 50. Let h = -9 - p. What is the units digit of h?
1
Let x = -11 - -16. Suppose 0 = -l + x*d - 0*d + 40, -4*d = l - 22. What is the units digit of l?
0
Let q(v) = 4*v - 4. What is the units digit of q(2)?
4
Let r(m) = m**2 - 7*m. Let v(u) = 7*u**2 - u - 1. Let o be v(-1). Let l be r(o). Suppose l = -5*f + 41 + 19. What is the units digit of f?
2
Let u be 1/3 - (-14)/3. Suppose 6 = -u*f + 1. What is the units digit of 1*(6 + (f - -1))?
6
Suppose 0 = 2*g + 5*a - 52, -g - 2 = -5*a + 2. Suppose 12 = 2*b - g. What is the units digit of b?
4
Suppose -3*f = -500 - 151. Suppose 4*n - f = -37. Suppose 2*g - n = -11. What is the tens digit of g?
1
Suppose 3*j + 34 = m + 3*m, -j + 12 = m. Suppose 0 = z - 32 - m. What is the units digit of z?
2
Suppose 12 + 3 = -5*j. L